base 9) to base 5.
-1003013
What is -252a (base 12) in base 5?
-113320
-4a80 (base 11) to base 14
-25b0
Convert 50a (base 13) to base 6.
3543
Convert 560 (base 9) to base 7.
1224
What is 2323103 (base 4) in base 14?
4523
What is 101100010101 (base 2) in base 3?
10220002
-13100 (base 5) to base 7
-2663
-1cd6 (base 14) to base 4
-1102210
532233 (base 6) to base 11
2a588
What is 2000201 (base 3) in base 6?
10501
Convert -1fb (base 16) to base 15.
-23c
113a (base 11) to base 9
2041
Convert -8327 (base 13) to base 12.
-a598
What is 100000000 (base 2) in base 12?
194
-3c0 (base 14) to base 9
-1030
What is 1ffd (base 16) in base 7?
32606
Convert -1100 (base 2) to base 5.
-22
-3321 (base 5) to base 12
-325
Convert 64512 (base 9) to base 16.
a6ca
2231 (base 8) to base 6
5241
-320413 (base 5) to base 16
-29ed
Convert -198 (base 12) to base 15.
-125
Convert -111011100011100 (base 2) to base 9.
-45740
-2323 (base 5) to base 9
-415
-5b9 (base 13) to base 12
-6b1
What is -4333 (base 13) in base 5?
-244322
What is 3041 (base 7) in base 12?
742
What is -6fc (base 16) in base 12?
-1050
Convert -130000 (base 4) to base 8.
-3400
-256a (base 13) to base 9
-7268
Convert -515 (base 12) to base 9.
-1008
What is 7293 (base 13) in base 10?
15837
2442313 (base 5) to base 12
22b5b
What is -10020120 (base 3) in base 14?
-c0c
-1728 (base 9) to base 5
-20242
What is -11100001 (base 2) in base 12?
-169
Convert 124244 (base 5) to base 16.
1355
Convert 11114 (base 5) to base 12.
554
What is -66ab (base 12) in base 4?
-2301203
10122422 (base 5) to base 9
135588
-110100000100010 (base 2) to base 10
-26658
What is 11431 (base 8) in base 13?
22c1
1a248 (base 12) to base 9
57552
Convert -1123 (base 4) to base 12.
-77
-aa7 (base 15) to base 4
-211213
What is -337 (base 14) in base 10?
-637
What is 511 (base 8) in base 7?
650
-4141 (base 10) to base 6
-31101
Convert -5631 (base 11) to base 2.
-1110011110111
What is -14140 (base 9) in base 6?
-112230
Convert -4579 (base 14) to base 9.
-17483
Convert 2211002 (base 4) to base 7.
42536
6405 (base 11) to base 15
27a0
What is -21103211 (base 4) in base 14?
-dc69
Convert -443 (base 9) to base 12.
-263
Convert -2304 (base 6) to base 13.
-32b
1555 (base 6) to base 16
1af
What is 3010 (base 12) in base 15?
1816
Convert 2bb (base 15) to base 9.
765
Convert -8263 (base 11) to base 16.
-2acf
-20212 (base 5) to base 11
-a89
What is 22022 (base 7) in base 14?
2012
What is -20200002 (base 3) in base 11?
-3720
Convert 45162 (base 7) to base 11.
8635
What is 11111011 (base 2) in base 10?
251
2345 (base 6) to base 12
3b5
622 (base 9) to base 10
506
1177 (base 11) to base 14
7ba
Convert 11898 (base 10) to base 7.
46455
-101352 (base 7) to base 3
-212210000
-22525 (base 10) to base 2
-101011111111101
-42355 (base 6) to base 12
-33bb
What is 2010002 (base 3) in base 4?
120011
Convert 112112 (base 8) to base 7.
215451
What is -4251 (base 8) in base 6?
-14133
35044 (base 9) to base 16
5b48
Convert 1216 (base 14) to base 16.
c54
Convert 600 (base 7) to base 6.
1210
What is 262d (base 14) in base 9?
10170
What is -4d24 (base 15) in base 2?
-100000001001011
Convert 7214 (base 13) to base 14.
5a3c
-11100011000 (base 2) to base 16
-718
What is -1000111110001000 (base 2) in base 8?
-107610
-25b0 (base 13) to base 8
-12406
What is 235405 (base 6) in base 16?
50bd
What is 375 (base 8) in base 5?
2003
What is -1345 (base 9) in base 10?
-1013
What is -3b79 (base 14) in base 13?
-4a14
Convert 102020 (base 3) to base 4.
10233
205241 (base 7) to base 6
432052
Convert -342 (base 9) to base 5.
-2111
Convert 9692 (base 12) to base 13.
76a3
What is 2a8 (base 13) in base 15?
21b
What is 133 (base 4) in base 7?
43
-2000321 (base 4) to base 9
-12275
-123 (base 7) to base 10
-66
Convert 618 (base 11) to base 8.
1351
What is 144310 (base 5) in base 12?
3711
What is 1101101111 (base 2) in base 11?
72a
What is -10021 (base 7) in base 2?
-100101110000
Convert -8557 (base 12) to base 11.
-aa83
56 (base 10) to base 13
44
758a (base 15) to base 8
60460
Convert 14131 (base 6) to base 2.
100010100111
100000001 (base 2) to base 11
214
-101101011 (base 2) to base 10
-363
Convert -791 (base 11) to base 6.
-4215
What is a7 (base 13) in base 11?
115
What is -102023 (base 4) in base 16?
-48b
What is -202201 (base 4) in base 6?
-14121
-38 (base 13) to base 11
-43
What is -10612 (base 7) in base 2?
-101010010000
-2212122 (base 3) to base 13
-c53
-2c84 (base 16) to base 13
-5258
35142 (base 6) to base 11
3863
-2000 (base 4) to base 6
-332
-518 (base 13) to base 2
-1101100010
-2020110 (base 3) to base 10
-1632
Convert 16773 (base 10) to base 14.
6181
Convert 15a62 (base 11) to base 10.
22574
Convert -2395 (base 15) to base 16.
-1d8d
What is -313204 (base 5) in base 9?
-15267
What is 22b (base 14) in base 12?
2bb
What is -2001012120 (base 3) in base 8?
-116465
76d0 (base 16) to base 14
b128
59 (base 11) to base 14
48
What is -26350 (base 8) in base 14?
-4292
What is -40136 (base 9) in base 11?
-18892
Convert -10 (base 5) to base 8.
-5
35524 (base 7) to base 8
21735
Convert -1101011111001 (base 2) to base 11.
-5208
Convert -a94 (base 11) to base 10.
-1313
What is -9e4c (base 16) in base 8?
-117114
Convert -40324 (base 5) to base 10.
-2589
225 (base 9) to base 8
271
What is 111010110001 (base 2) in base 4?
322301
Convert -32b (base 16) to base 12.
-577
What is 246a (base 13) in base 5?
131113
What is 876 (base 12) in base 11?
a2a
What is -200020 (base 3) in base 12?
-350
-2214 (base 6) to base 12
-36a
Convert -b0ea (base 16) to base 14.
-12710
Convert -204c (base 14) to base 5.
-134211
Convert 8746 (base 9) to base 12.
3889
What is 1100011110010 (base 2) in base 7?
24422
Convert -11829 (base 10) to base 13.
-54cc
Convert -116025 (base 7) to base 15.
-6490
What is -22010110 (base 3) in base 13?
-290a
Convert 755 (base 12) to base 10.
1073
Convert -1000111100001 (base 2) to base 9.
-6245
What is 325250 (base 6) in base 13?
c44a
11912 (base 14) to base 6
530444
-5a03 (base 11) to base 13
-3773
-1011100 (base 2) to base 16
-5c
Convert -5 (base 8) to base 14.
-5
What is 8256 (base 10) in base 3?
102022210
-2196 (base 10) to base 4
-202110
-101010111001 (base 2) to base 7
-11001
What is 288 (base 16) in base 8?
1210
Convert 4645 (base 9) to base 13.
174b
-61250 (base 7) to base 15
-4622
What is 6050 (base 9) in base 4?
1011003
What is -2 (base 11) in base 5?
-2
What is -523 (base 6) in base 12?
-143
-1122210 (base 3) to base 9
-1583
Convert 51063 (base 7) to base 12.
7209
Convert 3161 (base 7) to base 10.
1121
What is -25112 (base 7) in base 2?
-1100110101111
1a81a (base 13) to base 7
304221
What is -2201 (base 10) in base 8?
-4231
Convert 10010100 (base 2) to base 8.
224
Convert 45106 (base 7) to base 16.
2c6e
-1307 (base 11) to base 6
-11513
10012101220 (base 3) to base 13
22893
What is 2016 (base 14) in base 16?
1584
What is 5b56 (base 14) in base 3?
210212211
-45477 (base 8) to base 15
-5a93
Convert 2164 (base 14) to base 15.
1a9c
What is 20b9 (base 14) in base 15?
1a1b
Convert -903 (base 15) to base 14.
-a4c
Convert 44412 (base 8) to base 2.
100100100001010
41211 (base 5) to base 9
3608
137 (base 10) to base 15
92
What is 243205 (base 6) in base 8?
51725
-210 (base 11) to base 14
-141
Convert 320 (base 11) to base 10.
385
What is 203031 (base 4) in base 3?
10002110
What is 3274 (base 8) in base 10?
1724
What is -1011000000100 (base 2) in base 11?
-4264
-4641 (base 8) to base 12
-1515
b89 (base 16) to base 11
2245
Convert -1a2 (base 14) to base 3.
-110112
Convert -1111011010 (base 2) to base 11.
-817
-202010221 (base 3) to base 4
-3211132
-3021102 (base 5) to base 2
-1011110010010101
Convert 1604 (base 9) to base 2.
10011000011
1fb (base 16) to base 10
507
What is 2312 (base 4) in base 6?
502
What is -2753 (base 9) in base 16?
-819
What is -10555 (base 6) in base 12?
-a5b
121333 (base 4) to base 3
2021121
Convert 102 (base 9) to base 11.
76
What is -1705 (base 8) in base 13?
-593
-131 (base 12) to base 4
-2311
-1940 (base 10) to base 2
-11110010100
What is -1100202 (base 3) in base 4?
-33200
Convert -22533 (base 6) to base 3.
-11102110
-2688 (base 9) to base 6
-13212
What is 2544 (base 8) in base 3?
1220010
What is 13326 (base 11) in base 4?
10221101
Convert -4678 (base 9) to base 7.
-13061
Conv